What is the remainder when 3858 is divided by 142?
24
What is the remainder when 12396 is divided by 25?
21
Calculate the remainder when 46192 is divided by 440.
432
Calculate the remainder when 7149 is divided by 1700.
349
What is the remainder when 45135 is divided by 53?
32
Calculate the remainder when 53315 is divided by 62.
57
Calculate the remainder when 162657 is divided by 1242.
1197
Calculate the remainder when 23450 is divided by 75.
50
Calculate the remainder when 3840 is divided by 161.
137
Calculate the remainder when 25589 is divided by 132.
113
What is the remainder when 13638 is divided by 4?
2
What is the remainder when 144682 is divided by 61?
51
What is the remainder when 529605 is divided by 209?
208
Calculate the remainder when 75156 is divided by 63.
60
Calculate the remainder when 6027025 is divided by 17.
15
What is the remainder when 103118 is divided by 37?
36
Calculate the remainder when 33199 is divided by 755.
734
Calculate the remainder when 21624 is divided by 56.
8
What is the remainder when 31181 is divided by 31176?
5
Calculate the remainder when 15154 is divided by 93.
88
What is the remainder when 11544 is divided by 152?
144
Calculate the remainder when 20626 is divided by 668.
586
What is the remainder when 29719 is divided by 9901?
16
Calculate the remainder when 195303 is divided by 474.
15
Calculate the remainder when 28310 is divided by 786.
14
What is the remainder when 13382 is divided by 205?
57
What is the remainder when 89254 is divided by 1504?
518
What is the remainder when 1213 is divided by 457?
299
Calculate the remainder when 67250 is divided by 16812.
2
Calculate the remainder when 263 is divided by 105.
53
What is the remainder when 20925 is divided by 837?
0
Calculate the remainder when 687 is divided by 10.
7
Calculate the remainder when 131035 is divided by 21811.
169
Calculate the remainder when 44604 is divided by 697.
693
What is the remainder when 10838 is divided by 328?
14
What is the remainder when 6097 is divided by 41?
29
Calculate the remainder when 10177 is divided by 2519.
101
Calculate the remainder when 97504 is divided by 855.
34
Calculate the remainder when 54312 is divided by 69.
9
What is the remainder when 21981 is divided by 379?
378
What is the remainder when 3780 is divided by 993?
801
Calculate the remainder when 3433 is divided by 3290.
143
Calculate the remainder when 261551 is divided by 65383.
19
Calculate the remainder when 1742 is divided by 656.
430
Calculate the remainder when 58649 is divided by 4.
1
Calculate the remainder when 3260 is divided by 91.
75
Calculate the remainder when 6817 is divided by 1352.
57
Calculate the remainder when 13300 is divided by 2652.
40
Calculate the remainder when 7813 is divided by 1559.
18
What is the remainder when 222121 is divided by 1749?
1747
What is the remainder when 45796 is divided by 14?
2
What is the remainder when 240907 is divided by 1052?
1051
What is the remainder when 800 is divided by 795?
5
Calculate the remainder when 2692 is divided by 2683.
9
What is the remainder when 17019 is divided by 36?
27
Calculate the remainder when 31127 is divided by 566.
563
What is the remainder when 259479 is divided by 86458?
105
What is the remainder when 245932 is divided by 26?
24
What is the remainder when 52017 is divided by 17?
14
Calculate the remainder when 27091 is divided by 126.
1
Calculate the remainder when 278579 is divided by 1709.
12
Calculate the remainder when 7988 is divided by 141.
92
What is the remainder when 3126 is divided by 80?
6
What is the remainder when 25476 is divided by 2547?
6
Calculate the remainder when 5590 is divided by 63.
46
Calculate the remainder when 159948 is divided by 236.
176
What is the remainder when 24957 is divided by 4991?
2
Calculate the remainder when 5880 is divided by 1957.
9
Calculate the remainder when 175115 is divided by 390.
5
Calculate the remainder when 70655 is divided by 1413.
5
Calculate the remainder when 10092 is divided by 994.
152
What is the remainder when 19613 is divided by 90?
83
What is the remainder when 535 is divided by 113?
83
What is the remainder when 135111 is divided by 443?
439
What is the remainder when 1211 is divided by 124?
95
What is the remainder when 54802 is divided by 136?
130
Calculate the remainder when 2432 is divided by 795.
47
What is the remainder when 29252 is divided by 38?
30
What is the remainder when 12733 is divided by 3183?
1
Calculate the remainder when 7543 is divided by 754.
3
What is the remainder when 207706 is divided by 76?
74
Calculate the remainder when 5926 is divided by 48.
22
What is the remainder when 20243 is divided by 12?
11
What is the remainder when 10289 is divided by 117?
110
Calculate the remainder when 14526 is divided by 84.
78
What is the remainder when 1840 is divided by 48?
16
What is the remainder when 8044 is divided by 200?
44
Calculate the remainder when 1419854 is divided by 22.
18
Calculate the remainder when 35876 is divided by 8.
4
Calculate the remainder when 23678 is divided by 32.
30
What is the remainder when 1572 is divided by 412?
336
Calculate the remainder when 1017 is divided by 831.
186
What is the remainder when 22851 is divided by 7?
3
What is the remainder when 49809 is divided by 484?
441
Calculate the remainder when 313915 is divided by 24147.
4
Calculate the remainder when 76868 is divided by 6988.
0
What is the remainder when 64684 is divided by 14?
4
What is the remainder when 19439 is divided by 1049?
557
Calculate the remainder when 87668 is divided by 180.
8
Calculate the remainder when 14583 is divided by 767.
10
Calculate the remainder when 2339 is divided by 1257.
1082
Calculate the remainder when 9142 is divided by 239.
60
What is the remainder when 1659765 is divided by 264?
261
Calculate the remainder when 208099 is divided by 4.
3
What is the remainder when 2101 is divided by 72?
13
Calculate the remainder when 58843 is divided by 83.
79
Calculate the remainder when 99877 is divided by 13.
11
Calculate the remainder when 8992 is divided by 391.
390
What is the remainder when 1161 is divided by 372?
45
Calculate the remainder when 1137281 is divided by 17.
15
What is the remainder when 535951 is divided by 6784?
15
What is the remainder when 104951 is divided by 358?
57
Calculate the remainder when 17544 is divided by 2505.
9
Calculate the remainder when 53264 is divided by 2.
0
Calculate the remainder when 208143 is divided by 7176.
39
What is the remainder when 1683 is divided by 46?
27
What is the remainder when 2421 is divided by 887?
647
What is the remainder when 1278 is divided by 161?
151
What is the remainder when 34263 is divided by 77?
75
Calculate the remainder when 15451 is divided by 180.
151
What is the remainder when 11699 is divided by 833?
37
Calculate the remainder when 9795 is divided by 2435.
55
Calculate the remainder when 18773 is divided by 1171.
37
What is the remainder when 19630 is divided by 3238?
202
Calculate the remainder when 3908 is divided by 230.
228
Calculate the remainder when 17707 is divided by 8846.
15
Calculate the remainder when 26887 is divided by 19.
2
What is the remainder when 87437 is divided by 29144?
5
What is the remainder when 506013 is divided by 503?
498
What is the remainder when 1159299 is divided by 1052?
1047
What is the remainder when 2236526 is divided by 1051?
1049
What is the remainder when 207134 is divided by 437?
433
Calculate the remainder when 456789 is divided by 50.
39
What is the remainder when 9940 is divided by 368?
4
Calculate the remainder when 82328 is divided by 12.
8
What is the remainder when 5842 is divided by 33?
1
What is the remainder when 848698 is divided by 1150?
1148
What is the remainder when 3979 is divided by 583?
481
What is the remainder when 148189 is divided by 32?
29
What is the remainder when 1150 is divided by 936?
214
Calculate the remainder when 9254 is divided by 621.
560
What is the remainder when 686589 is divided by 109?
107
What is the remainder when 6398 is divided by 2315?
1768
Calculate the remainder when 10849 is divided by 773.
27
What is the remainder when 277946 is divided by 673?
670
What is the remainder when 25790 is divided by 13?
11
Calculat